g/(-2)*(-1)/(-2) composite?
False
Suppose -1680 + 5045 = v. Is v a composite number?
True
Let z be -3*(-2)/(-12)*122. Let j = -26 - z. Is j composite?
True
Suppose v = 2*v - 4. Suppose 0 = v*j - 3*l - 611, -4*l - 434 = -3*j + 33. Is j a composite number?
False
Is ((-831 - 3)/(-6))/1 prime?
True
Let j be ((-6)/9)/((-2)/366). Let c = j - 71. Suppose -3*o = -189 + c. Is o a composite number?
True
Suppose -2*i + 23 = -29. Let m = 22 + -9. Let k = i - m. Is k composite?
False
Let a = 6615 - 2822. Is a prime?
True
Suppose 6*p - p - 9105 = 0. Is p a composite number?
True
Suppose -2*d = 2*y - 18, -2*d + 5 = 3*d - 3*y. Suppose 0 = -2*w - d, 5*z + w = -63 - 134. Is ((-6)/9)/(2/z) prime?
True
Let l(a) = 5*a**2 - 35*a - 7. Is l(15) a composite number?
False
Let w(c) = 3*c**2 - 5*c + 3. Is w(7) a prime number?
False
Let d be 2 + (-2)/6*-3. Suppose d*i = o + 36, -3*o + 33 = 3*i - 5*o. Suppose k = -0*k + i. Is k prime?
True
Let t(g) = 4 + 0 - 3 - 19*g. Is t(-3) composite?
True
Let h = 9 - 7. Suppose -t - h*q + 7 = 17, 4*q + 22 = -3*t. Is -127*t/4*2 composite?
False
Suppose 0 = -2*p + r - 10, -2*r = -3 + 7. Let d(z) be the third derivative of z**6/120 + 2*z**5/15 - z**4/24 + 7*z**3/6 - 54*z**2. Is d(p) a prime number?
False
Let x be 6/4*4/(-6). Let d be 371*((-1)/x + 0). Suppose 0 = -3*f + d - 134. Is f prime?
True
Suppose n = a + 2, 0 = -2*n - 3*a + 20 + 9. Let m be (-13)/((-2)/(n + 1)). Let r = -5 + m. Is r a composite number?
False
Is 1332/(-54)*(-111)/2 a composite number?
True
Suppose 0 = 3*s + 2*p - 643, 2*s + 8*p - 3*p - 447 = 0. Is s composite?
False
Let i(y) = 7*y**2 - 6*y + 1. Is i(4) a composite number?
False
Let q(x) = -x + 12. Let v be q(7). Suppose 4*z - v*l = 378, 3*l - 45 - 58 = -z. Is z a composite number?
False
Let s(o) = o**2 - 21*o + 37. Is s(21) prime?
True
Let r be 60/9 - (-3)/9. Let x(z) = z**3 - 7*z**2 + 7*z + 8. Is x(r) a composite number?
True
Let c = 6 + 205. Is c a prime number?
True
Let y(s) = -s**2 - 4*s - 4. Let z be y(4). Let x(o) = o**3 + 4*o**2 + 4*o - 1. Let n be x(-4). Let t = n - z. Is t prime?
True
Let j(h) = h**2 - 6*h + 4. Let t be j(4). Let q(x) = -19*x - 2. Let m be q(t). Suppose -l = l - m. Is l a prime number?
True
Suppose -4*h + 3*h = 0. Let r(b) = h + 51*b + 22*b - 1. Is r(4) a prime number?
False
Let z(o) = -o**3 + 7*o**2 + o - 4. Let u be z(7). Suppose -3*x + 5*a + 10 + 1 = 0, 0 = 3*x + 3*a - u. Suppose 3*h - 143 = x*h. Is h a composite number?
True
Let z = 343 - -146. Is z a composite number?
True
Let q = 5 + -5. Suppose -3*l + l = q. Suppose 3*k - 176 = -5*y, l*k - 2*k + 4*y + 154 = 0. Is k composite?
False
Let n be 413 + -3 + 0 + -1. Let b be (-4)/((-4)/n)*1. Is b/11 - (-8)/(-44) a prime number?
True
Let g(f) = 3*f + 17. Let p be g(-7). Let n(k) = k**2 + 5*k + 7. Is n(p) composite?
False
Suppose -16 = -g - g. Let f(k) = -k + 10. Let z be f(g). Suppose -z*a = a - 63. Is a composite?
True
Let y(p) = p**2 - p - 3. Let g(n) = n**3 - 3*n**2 - 5*n - 2. Let d be g(4). Is y(d) prime?
False
Suppose -b + 6 = 1. Let j be b - 2*1/(-2). Is 38/j*21/1 prime?
False
Let x = -8 + 4. Let a = 89 + x. Is a prime?
False
Let x = -22 + 31. Suppose 3*u - 12 = x. Let j(c) = c**2 + c - 3. Is j(u) a composite number?
False
Suppose 0*c + 8 = 4*c. Suppose 0 = c*d + 2*v - 78, -3*d + 4*d - 3*v = 31. Is d a composite number?
False
Let y = 14 - 9. Suppose y*i - 461 = 3*h, -2*h = 2*i + i - 288. Is i/3 + (-1)/3 prime?
True
Suppose -8 = -0*y - y. Suppose -6 = 2*n, 2*r - 7 = n + y. Is r a composite number?
True
Let c(u) = -8*u - 3. Let k = 0 - -2. Suppose -3*j = -0*z - 4*z + 13, k*z = -4. Is c(j) a prime number?
True
Suppose 4*d + r - 671 = 6*r, -5*r = 3*d - 547. Suppose -6*w + w = 3*c - 253, -2*c = -2*w - d. Is c a prime number?
False
Suppose 4*v - 3*m = 2*v + 265, 5*v - 600 = -5*m. Suppose -4*i = i - v. Is i a composite number?
True
Let n = -226 + 477. Is n a composite number?
False
Let b = -2 + 2. Suppose -4*o + 7*o - 1563 = b. Is o a composite number?
False
Let m(j) = 14 + 0*j - j**3 - 8*j**2 + j - 15. Let p be m(-9). Is p - (-3 - (-2 + 2)) a composite number?
True
Let h be (-16)/(-6)*3/2. Suppose 15 + 5 = h*t. Suppose -t*a = -99 + 24. Is a a composite number?
True
Is ((-7)/(-14))/((-1)/(-3694)) a prime number?
True
Suppose -3*p + 8 = g - 1, 5*g - 6 = -2*p. Let z(f) = 41*f + 4. Is z(p) a prime number?
True
Let c(h) = -h**2 - 9*h - 5. Is c(-6) composite?
False
Suppose -t + 0*t - 2*m = -25, 0 = 3*t + 3*m - 60. Suppose 0 = -5*w + t + 5. Suppose -2*y - 2 = -4*y + w*l, 3*l = y + 2. Is y a prime number?
True
Suppose 4*o - 5*r = -47 - 5, o + r + 22 = 0. Let g be (-4)/o - 1952/36. Let t = g - -77. Is t a composite number?
False
Let d be 93/33 - (-6)/33. Let h be 6/(9/d) + 3. Suppose -u + 2*y + 88 = -97, 0 = h*y. Is u a prime number?
False
Suppose m - 5*h = 0, 0*m + 4*m + 3*h = 0. Let k(v) = -v**2 - 1. Let c be k(m). Is 0 + c - -1 - -37 composite?
False
Let m(i) = i - 5. Let p be m(9). Suppose 46 = -p*n + 450. Suppose -4*t - n = -441. Is t a composite number?
True
Let x be 4/(-3)*(-282)/4. Let k be (-12)/4*x/6. Let z = -28 - k. Is z a composite number?
False
Let l(z) = -z**3 - 2*z**2 + 2*z - 8. Is l(-7) prime?
True
Suppose 6*f - 15 = f. Let z be f/(-3*1) - -263. Let h = 375 - z. Is h a prime number?
True
Let g(b) = -17*b + 8. Is g(-7) composite?
False
Let c(o) = 10*o**2 - 2*o + 11. Is c(5) composite?
False
Suppose 0 = -6*m + 44 + 16. Is m a prime number?
False
Suppose -4*k - 5*u + 1254 = -4165, -u + 3 = 0. Is k prime?
False
Let x(k) = k - 4. Let f(y) = -2*y + 9. Let p(j) = -3*f(j) - 7*x(j). Let m be p(3). Is (0 - -4)/m - -17 composite?
True
Let z = 150 - 39. Is z composite?
True
Let z(o) = o**2 + 12*o - 6. Is z(-17) a composite number?
False
Let f(z) = -z**3 + 4*z**2 - 3*z + 1. Let c be f(5). Let v = 220 - c. Is v prime?
False
Let s be 3/(-3) + 4 + -1. Suppose r - s*r + 67 = 0. Is r a prime number?
True
Let r = 3 - 4. Is 2 + -3 + 39 + r a prime number?
True
Let x(u) = -3*u**3 + u**2 - 6*u - 8. Is x(-5) a prime number?
False
Let d = -3 + 4. Let i = 60 - d. Is i composite?
False
Is (12467/28)/1 + (-2)/8 composite?
True
Let s(v) = v**2 - 6*v + 2. Let x be s(6). Suppose -x*r = -7*r - 120. Let m = r - -39. Is m a composite number?
True
Is (-358)/(-2) - 0/(-8) composite?
False
Let h(w) = -13*w + 9. Suppose -40 = 7*z - 2*z. Is h(z) prime?
True
Let x be (36/(-8) - -2)*-2. Suppose x*f = 3*u - 361, u + 3*u = -4*f + 524. Is u a prime number?
True
Suppose -4*o = 6*o - 4110. Is o prime?
False
Let u be 0*(2/(-4) - -1). Suppose -y + 3*y - 190 = u. Is y composite?
True
Suppose 1042 + 8909 = 3*d. Is d a composite number?
True
Suppose -1304 = -4*i + 4*v, i + v = 6*i - 1650. Is i a composite number?
False
Suppose 0 = -5*n - 0*n + 1465. Is n prime?
True
Let u = 11 - 7. Suppose -5*x + 0*x = 2*d + 18, -5*x - 16 = u*d. Is -8 - -244 - (x + 1) a prime number?
True
Let m(k) = -k**3 + 8*k**2 + 10*k - 4. Let a be m(9). Let n = -10 + a. Let y = 2 - n. Is y prime?
True
Let m = -484 + 707. Is m a composite number?
False
Let w be 4 - (0 - 2)/(-1). Suppose -150 = -w*k - 12. Is k composite?
True
Suppose -n = 2*n - 39. Is n a composite number?
False
Let b = 2 - -14. Let a = b + -10. Is 2/a - 1338/(-9) composite?
False
Suppose 0 = -p + 3*h - 12, 0 = p - h - 0 + 2. Suppose b - 511 = s - p*s, -5*b + 2540 = -5*s. Is b a composite number?
False
Let p(n) = 14*n - 2. Let m be p(2). Let y = m - 10. Suppose 6*u - 2*u + 5*q = 37, 2*u - y = -2*q. Is u a prime number?
True
Let l = 19 + 183. Is l prime?
False
Suppose 358 = -5*l + 7*l. Is l a prime number?
True
Suppose -5*v - 35 = -0*v - 5*r, -4*v - 2*r - 4 = 0. Let g(y) be the first derivative of -y**4/4 - y**3 - 2*y**2 - 2*y + 2. Is g(v) a composite number?
True
Let k(g) = 8*g**3 - g**2 - 4*g - 4. Let z be k(4). Suppose z = 7*u - 2*u + p, 2*u + 5*p = 195. Is u a composite number?
True
Is 8951/4 - 39/52 composite?
False
Suppose 2 = -f + 4. Let d be 0/(f + 1 + -5). Is (-47*1 - d)/(-1) composite?
False
Let a be 0/1 - (5 + -3). Is 1/a + (-748)/(-8) prime?
False
Suppose -9*p - 18998 = -23*p. Is p prime?
False
Suppose 496 = -6*h + 14*h. Is h a composite number?
True
Let i = 621 - 64. Is i composite?
False
Let u be (54/(-2))/((-9)/6). Let l(y) = 17 - u + 5*y + 55*y. Is l(2) prime?
False
Suppose -3*l + 29 + 4 = 0. Let j = 16 - l. Suppose -5*s + 185 